{"id":5080,"date":"2026-03-06T11:34:03","date_gmt":"2026-03-06T11:34:03","guid":{"rendered":"https:\/\/metzineres.org\/?page_id=5080"},"modified":"2026-04-20T21:13:30","modified_gmt":"2026-04-20T21:13:30","slug":"larravalera","status":"publish","type":"page","link":"https:\/\/metzineres.org\/ca\/larravalera\/","title":{"rendered":"L&#8217;Arravalera"},"content":{"rendered":"\t\t<div data-elementor-type=\"wp-page\" data-elementor-id=\"5080\" class=\"elementor elementor-5080 elementor-4761\">\n\t\t\t\t\t\t\t\t\t<section class=\"elementor-section elementor-top-section elementor-element elementor-element-5960367 elementor-section-content-top elementor-section-boxed elementor-section-height-default elementor-section-height-default\" data-id=\"5960367\" data-element_type=\"section\" data-settings=\"{&quot;background_background&quot;:&quot;classic&quot;}\">\n\t\t\t\t\t\t<div class=\"elementor-container elementor-column-gap-default\">\n\t\t\t\t\t<div class=\"aux-parallax-section elementor-column elementor-col-100 elementor-top-column elementor-element elementor-element-2ea3abd\" data-id=\"2ea3abd\" data-element_type=\"column\">\n\t\t\t<div class=\"elementor-widget-wrap elementor-element-populated\">\n\t\t\t\t\t\t\t\t<div class=\"elementor-element elementor-element-11b745d elementor-widget elementor-widget-image\" data-id=\"11b745d\" data-element_type=\"widget\" data-widget_type=\"image.default\">\n\t\t\t\t<div class=\"elementor-widget-container\">\n\t\t\t<style>\/*! elementor - v3.6.5 - 27-04-2022 *\/\n.elementor-widget-image{text-align:center}.elementor-widget-image a{display:inline-block}.elementor-widget-image a img[src$=\".svg\"]{width:48px}.elementor-widget-image img{vertical-align:middle;display:inline-block}<\/style>\t\t\t\t\t\t\t\t\t\t\t\t<img loading=\"lazy\" decoding=\"async\" width=\"2500\" height=\"826\" src=\"https:\/\/metzineres.org\/wp-content\/uploads\/2026\/03\/web_arrvalera_capsalera.jpg\" class=\"attachment-full size-full\" alt=\"\" srcset=\"https:\/\/metzineres.org\/wp-content\/uploads\/2026\/03\/web_arrvalera_capsalera.jpg 2500w, https:\/\/metzineres.org\/wp-content\/uploads\/2026\/03\/web_arrvalera_capsalera-1536x507.jpg 1536w, https:\/\/metzineres.org\/wp-content\/uploads\/2026\/03\/web_arrvalera_capsalera-2048x677.jpg 2048w, https:\/\/metzineres.org\/wp-content\/uploads\/2026\/03\/web_arrvalera_capsalera-600x198.jpg 600w\" sizes=\"auto, (max-width: 2500px) 100vw, 2500px\" \/>\t\t\t\t\t\t\t\t\t\t\t\t\t\t\t<\/div>\n\t\t\t\t<\/div>\n\t\t\t\t<section class=\"elementor-section elementor-inner-section elementor-element elementor-element-cae657c elementor-section-boxed elementor-section-height-default elementor-section-height-default\" data-id=\"cae657c\" data-element_type=\"section\" data-settings=\"{&quot;background_background&quot;:&quot;classic&quot;}\">\n\t\t\t\t\t\t<div class=\"elementor-container elementor-column-gap-wider\">\n\t\t\t\t\t<div class=\"aux-parallax-section elementor-column elementor-col-50 elementor-inner-column elementor-element elementor-element-9cd8d5b\" data-id=\"9cd8d5b\" data-element_type=\"column\">\n\t\t\t<div class=\"elementor-widget-wrap elementor-element-populated\">\n\t\t\t\t\t\t\t\t<div class=\"elementor-element elementor-element-dd4bca0 elementor-widget elementor-widget-heading\" data-id=\"dd4bca0\" data-element_type=\"widget\" data-widget_type=\"heading.default\">\n\t\t\t\t<div class=\"elementor-widget-container\">\n\t\t\t<style>\/*! elementor - v3.6.5 - 27-04-2022 *\/\n.elementor-heading-title{padding:0;margin:0;line-height:1}.elementor-widget-heading .elementor-heading-title[class*=elementor-size-]>a{color:inherit;font-size:inherit;line-height:inherit}.elementor-widget-heading .elementor-heading-title.elementor-size-small{font-size:15px}.elementor-widget-heading .elementor-heading-title.elementor-size-medium{font-size:19px}.elementor-widget-heading .elementor-heading-title.elementor-size-large{font-size:29px}.elementor-widget-heading .elementor-heading-title.elementor-size-xl{font-size:39px}.elementor-widget-heading .elementor-heading-title.elementor-size-xxl{font-size:59px}<\/style><h1 class=\"elementor-heading-title elementor-size-default\">Qui som?<\/h1>\t\t<\/div>\n\t\t\t\t<\/div>\n\t\t\t\t<div class=\"elementor-element elementor-element-3a2596f elementor-widget__width-auto elementor-widget elementor-widget-text-editor\" data-id=\"3a2596f\" data-element_type=\"widget\" data-widget_type=\"text-editor.default\">\n\t\t\t\t<div class=\"elementor-widget-container\">\n\t\t\t<style>\/*! elementor - v3.6.5 - 27-04-2022 *\/\n.elementor-widget-text-editor.elementor-drop-cap-view-stacked .elementor-drop-cap{background-color:#818a91;color:#fff}.elementor-widget-text-editor.elementor-drop-cap-view-framed .elementor-drop-cap{color:#818a91;border:3px solid;background-color:transparent}.elementor-widget-text-editor:not(.elementor-drop-cap-view-default) .elementor-drop-cap{margin-top:8px}.elementor-widget-text-editor:not(.elementor-drop-cap-view-default) .elementor-drop-cap-letter{width:1em;height:1em}.elementor-widget-text-editor .elementor-drop-cap{float:left;text-align:center;line-height:1;font-size:50px}.elementor-widget-text-editor .elementor-drop-cap-letter{display:inline-block}<\/style>\t\t\t\t<div id=\"meta-origin\" data-coolorigin=\"https%3A%2F%2Fcollabora.metzineres.net%2Fcool%2Fclipboard%3FWOPISrc%3Dhttps%253A%252F%252Fmetzineres.maadix.org%252Fnextcloud%252Findex.php%252Fapps%252Frichdocuments%252Fwopi%252Ffiles%252F1116005_ocz6i417xsq8%26ServerId%3D5891e8ba%26ViewId%3D4%26Tag%3D9348a3c09d7894d0\"><p class=\"western\" align=\"left\">L\u2019Arravalera \u00e9s un espai per conspirar, crear i construir comunitat juntes.<br \/>Teixim xarxes a partir de l\u2019art, la cultura i la divulgaci\u00f3. Des del pensament cr\u00edtic i art\u00edstic, i tamb\u00e9 des de la tecnologia i el m\u00f3n digital, ens organitzem i constru\u00efm aliances de solidaritat, tot generant di\u00e0leg entre les comunitats locals i les persones visitants.<\/p><p class=\"western\" align=\"left\">Des de la creativitat i l\u2019experimentaci\u00f3, L\u2019Arravalera \u00e9s tamb\u00e9 un espai de trobada i de mem\u00f2ria de la hist\u00f2ria i la contracultura del(s) Raval(s). Reivindiquem les comunitats dels marges, la seva creativitat i els seus sabers per sobreviure en unes ciutats cada cop m\u00e9s turistificades i gentrificades.<\/p><\/div>\t\t\t\t\t\t<\/div>\n\t\t\t\t<\/div>\n\t\t\t\t\t<\/div>\n\t\t<\/div>\n\t\t\t\t<div class=\"aux-parallax-section elementor-column elementor-col-50 elementor-inner-column elementor-element elementor-element-5d7b168\" data-id=\"5d7b168\" data-element_type=\"column\">\n\t\t\t<div class=\"elementor-widget-wrap elementor-element-populated\">\n\t\t\t\t\t\t\t\t<div class=\"elementor-element elementor-element-a576791 elementor-widget elementor-widget-image\" data-id=\"a576791\" data-element_type=\"widget\" data-widget_type=\"image.default\">\n\t\t\t\t<div class=\"elementor-widget-container\">\n\t\t\t\t\t\t\t\t\t\t\t\t\t\t\t<img loading=\"lazy\" decoding=\"async\" width=\"500\" height=\"500\" src=\"https:\/\/metzineres.org\/wp-content\/uploads\/2026\/03\/avatar_6_mitja.png\" class=\"attachment-full size-full\" alt=\"\" srcset=\"https:\/\/metzineres.org\/wp-content\/uploads\/2026\/03\/avatar_6_mitja.png 500w, https:\/\/metzineres.org\/wp-content\/uploads\/2026\/03\/avatar_6_mitja-300x300.png 300w, https:\/\/metzineres.org\/wp-content\/uploads\/2026\/03\/avatar_6_mitja-150x150.png 150w, https:\/\/metzineres.org\/wp-content\/uploads\/2026\/03\/avatar_6_mitja-100x100.png 100w\" sizes=\"auto, (max-width: 500px) 100vw, 500px\" \/>\t\t\t\t\t\t\t\t\t\t\t\t\t\t\t<\/div>\n\t\t\t\t<\/div>\n\t\t\t\t<div class=\"elementor-element elementor-element-5b228f0 elementor-widget elementor-widget-text-editor\" data-id=\"5b228f0\" data-element_type=\"widget\" data-widget_type=\"text-editor.default\">\n\t\t\t\t<div class=\"elementor-widget-container\">\n\t\t\t\t\t\t\t<p>Dimecres i divendres de 17h a 20 h.<br \/>Dissabte de 12h a 15 h.\u00a0<\/p><p>Carrer de la Lluna, 20<br \/>Raval &#8211; Barcelona.\u00a0<\/p><p>larravalera@metzineres.org<br \/>Instagram @larravalera<\/p>\t\t\t\t\t\t<\/div>\n\t\t\t\t<\/div>\n\t\t\t\t\t<\/div>\n\t\t<\/div>\n\t\t\t\t\t\t\t<\/div>\n\t\t<\/section>\n\t\t\t\t<section class=\"elementor-section elementor-inner-section elementor-element elementor-element-66f66b6 elementor-section-full_width elementor-section-height-default elementor-section-height-default\" data-id=\"66f66b6\" data-element_type=\"section\" data-settings=\"{&quot;background_background&quot;:&quot;classic&quot;}\">\n\t\t\t\t\t\t<div class=\"elementor-container elementor-column-gap-default\">\n\t\t\t\t\t<div class=\"aux-parallax-section elementor-column elementor-col-100 elementor-inner-column elementor-element elementor-element-2d6f9be\" data-id=\"2d6f9be\" data-element_type=\"column\">\n\t\t\t<div class=\"elementor-widget-wrap elementor-element-populated\">\n\t\t\t\t\t\t\t\t<div class=\"elementor-element elementor-element-0ae45bd elementor-widget elementor-widget-heading\" data-id=\"0ae45bd\" data-element_type=\"widget\" data-widget_type=\"heading.default\">\n\t\t\t\t<div class=\"elementor-widget-container\">\n\t\t\t<h1 class=\"elementor-heading-title elementor-size-default\">VOLS PARTICIPAR?<\/h1>\t\t<\/div>\n\t\t\t\t<\/div>\n\t\t\t\t<div class=\"elementor-element elementor-element-0e810d2 elementor-widget elementor-widget-text-editor\" data-id=\"0e810d2\" data-element_type=\"widget\" data-widget_type=\"text-editor.default\">\n\t\t\t\t<div class=\"elementor-widget-container\">\n\t\t\t\t\t\t\t<p>Estem buscant aliadxs que vulguin proposar activitats: <br \/>exposicions, xerrades, festivals, cursos, tallers, showcases, performance, trobades<br \/>i altres formats que convidin a fer comunitat i fer barri.<br \/>Omple el seg\u00fcent formulari i ens posarem en contacte amb tu \ud83d\ude42<\/p><p><a style=\"color: inherit;\" href=\"https:\/\/forms.gle\/zkYzzsu3q9JrCFtMA\" target=\"_blank\" rel=\"noopener noreferrer nofollow\">PARTICIPA!<\/a><\/p>\t\t\t\t\t\t<\/div>\n\t\t\t\t<\/div>\n\t\t\t\t\t<\/div>\n\t\t<\/div>\n\t\t\t\t\t\t\t<\/div>\n\t\t<\/section>\n\t\t\t\t\t<\/div>\n\t\t<\/div>\n\t\t\t\t\t\t\t<\/div>\n\t\t<\/section>\n\t\t\t\t\t\t\t<\/div>\n\t\t","protected":false},"excerpt":{"rendered":"<p>Qui som? L\u2019Arravalera \u00e9s un espai per conspirar, crear i construir comunitat juntes.Teixim xarxes a partir de l\u2019art, la cultura i la divulgaci\u00f3. Des del pensament cr\u00edtic i art\u00edstic, i tamb\u00e9 des de la tecnologia i el m\u00f3n digital, ens organitzem i constru\u00efm aliances de solidaritat, tot generant di\u00e0leg entre les comunitats locals i les [&hellip;]<\/p>\n","protected":false},"author":2,"featured_media":4982,"parent":0,"menu_order":0,"comment_status":"closed","ping_status":"closed","template":"templates\/page-builder-content.php","meta":{"footnotes":"","_links_to":"","_links_to_target":""},"class_list":["post-5080","page","type-page","status-publish","has-post-thumbnail","hentry"],"_links":{"self":[{"href":"https:\/\/metzineres.org\/ca\/wp-json\/wp\/v2\/pages\/5080","targetHints":{"allow":["GET"]}}],"collection":[{"href":"https:\/\/metzineres.org\/ca\/wp-json\/wp\/v2\/pages"}],"about":[{"href":"https:\/\/metzineres.org\/ca\/wp-json\/wp\/v2\/types\/page"}],"author":[{"embeddable":true,"href":"https:\/\/metzineres.org\/ca\/wp-json\/wp\/v2\/users\/2"}],"replies":[{"embeddable":true,"href":"https:\/\/metzineres.org\/ca\/wp-json\/wp\/v2\/comments?post=5080"}],"version-history":[{"count":17,"href":"https:\/\/metzineres.org\/ca\/wp-json\/wp\/v2\/pages\/5080\/revisions"}],"predecessor-version":[{"id":5421,"href":"https:\/\/metzineres.org\/ca\/wp-json\/wp\/v2\/pages\/5080\/revisions\/5421"}],"wp:featuredmedia":[{"embeddable":true,"href":"https:\/\/metzineres.org\/ca\/wp-json\/wp\/v2\/media\/4982"}],"wp:attachment":[{"href":"https:\/\/metzineres.org\/ca\/wp-json\/wp\/v2\/media?parent=5080"}],"curies":[{"name":"wp","href":"https:\/\/api.w.org\/{rel}","templated":true}]}}

<div data-elementor-type="wp-page" data-elementor-id="5080" class="elementor elementor-5080 elementor-4761">
									<section class="elementor-section elementor-top-section elementor-element elementor-element-5960367 elementor-section-content-top elementor-section-boxed elementor-section-height-default elementor-section-height-default" data-id="5960367" data-element_type="section" data-settings="{&quot;background_background&quot;:&quot;classic&quot;}">
						<div class="elementor-container elementor-column-gap-default">
					<div class="aux-parallax-section elementor-column elementor-col-100 elementor-top-column elementor-element elementor-element-2ea3abd" data-id="2ea3abd" data-element_type="column">
			<div class="elementor-widget-wrap elementor-element-populated">
								<div class="elementor-element elementor-element-11b745d elementor-widget elementor-widget-image" data-id="11b745d" data-element_type="widget" data-widget_type="image.default">
				<div class="elementor-widget-container">
			<style>/*! elementor - v3.6.5 - 27-04-2022 */
.elementor-widget-image{text-align:center}.elementor-widget-image a{display:inline-block}.elementor-widget-image a img[src$=".svg"]{width:48px}.elementor-widget-image img{vertical-align:middle;display:inline-block}</style>												<img loading="lazy" decoding="async" width="2500" height="826" src="https://metzineres.org/wp-content/uploads/2026/03/web_arrvalera_capsalera.jpg" class="attachment-full size-full" alt="" srcset="https://metzineres.org/wp-content/uploads/2026/03/web_arrvalera_capsalera.jpg 2500w, https://metzineres.org/wp-content/uploads/2026/03/web_arrvalera_capsalera-1536x507.jpg 1536w, https://metzineres.org/wp-content/uploads/2026/03/web_arrvalera_capsalera-2048x677.jpg 2048w, https://metzineres.org/wp-content/uploads/2026/03/web_arrvalera_capsalera-600x198.jpg 600w" sizes="auto, (max-width: 2500px) 100vw, 2500px" />															</div>
				</div>
				<section class="elementor-section elementor-inner-section elementor-element elementor-element-cae657c elementor-section-boxed elementor-section-height-default elementor-section-height-default" data-id="cae657c" data-element_type="section" data-settings="{&quot;background_background&quot;:&quot;classic&quot;}">
						<div class="elementor-container elementor-column-gap-wider">
					<div class="aux-parallax-section elementor-column elementor-col-50 elementor-inner-column elementor-element elementor-element-9cd8d5b" data-id="9cd8d5b" data-element_type="column">
			<div class="elementor-widget-wrap elementor-element-populated">
								<div class="elementor-element elementor-element-dd4bca0 elementor-widget elementor-widget-heading" data-id="dd4bca0" data-element_type="widget" data-widget_type="heading.default">
				<div class="elementor-widget-container">
			<style>/*! elementor - v3.6.5 - 27-04-2022 */
.elementor-heading-title{padding:0;margin:0;line-height:1}.elementor-widget-heading .elementor-heading-title[class*=elementor-size-]>a{color:inherit;font-size:inherit;line-height:inherit}.elementor-widget-heading .elementor-heading-title.elementor-size-small{font-size:15px}.elementor-widget-heading .elementor-heading-title.elementor-size-medium{font-size:19px}.elementor-widget-heading .elementor-heading-title.elementor-size-large{font-size:29px}.elementor-widget-heading .elementor-heading-title.elementor-size-xl{font-size:39px}.elementor-widget-heading .elementor-heading-title.elementor-size-xxl{font-size:59px}</style><h1 class="elementor-heading-title elementor-size-default">Qui som?</h1>		</div>
				</div>
				<div class="elementor-element elementor-element-3a2596f elementor-widget__width-auto elementor-widget elementor-widget-text-editor" data-id="3a2596f" data-element_type="widget" data-widget_type="text-editor.default">
				<div class="elementor-widget-container">
			<style>/*! elementor - v3.6.5 - 27-04-2022 */
.elementor-widget-text-editor.elementor-drop-cap-view-stacked .elementor-drop-cap{background-color:#818a91;color:#fff}.elementor-widget-text-editor.elementor-drop-cap-view-framed .elementor-drop-cap{color:#818a91;border:3px solid;background-color:transparent}.elementor-widget-text-editor:not(.elementor-drop-cap-view-default) .elementor-drop-cap{margin-top:8px}.elementor-widget-text-editor:not(.elementor-drop-cap-view-default) .elementor-drop-cap-letter{width:1em;height:1em}.elementor-widget-text-editor .elementor-drop-cap{float:left;text-align:center;line-height:1;font-size:50px}.elementor-widget-text-editor .elementor-drop-cap-letter{display:inline-block}</style>				<div id="meta-origin" data-coolorigin="https%3A%2F%2Fcollabora.metzineres.net%2Fcool%2Fclipboard%3FWOPISrc%3Dhttps%253A%252F%252Fmetzineres.maadix.org%252Fnextcloud%252Findex.php%252Fapps%252Frichdocuments%252Fwopi%252Ffiles%252F1116005_ocz6i417xsq8%26ServerId%3D5891e8ba%26ViewId%3D4%26Tag%3D9348a3c09d7894d0"><p class="western" align="left">L’Arravalera és un espai per conspirar, crear i construir comunitat juntes.<br />Teixim xarxes a partir de l’art, la cultura i la divulgació. Des del pensament crític i artístic, i també des de la tecnologia i el món digital, ens organitzem i construïm aliances de solidaritat, tot generant diàleg entre les comunitats locals i les persones visitants.</p><p class="western" align="left">Des de la creativitat i l’experimentació, L’Arravalera és també un espai de trobada i de memòria de la història i la contracultura del(s) Raval(s). Reivindiquem les comunitats dels marges, la seva creativitat i els seus sabers per sobreviure en unes ciutats cada cop més turistificades i gentrificades.</p></div>						</div>
				</div>
					</div>
		</div>
				<div class="aux-parallax-section elementor-column elementor-col-50 elementor-inner-column elementor-element elementor-element-5d7b168" data-id="5d7b168" data-element_type="column">
			<div class="elementor-widget-wrap elementor-element-populated">
								<div class="elementor-element elementor-element-a576791 elementor-widget elementor-widget-image" data-id="a576791" data-element_type="widget" data-widget_type="image.default">
				<div class="elementor-widget-container">
															<img loading="lazy" decoding="async" width="500" height="500" src="https://metzineres.org/wp-content/uploads/2026/03/avatar_6_mitja.png" class="attachment-full size-full" alt="" srcset="https://metzineres.org/wp-content/uploads/2026/03/avatar_6_mitja.png 500w, https://metzineres.org/wp-content/uploads/2026/03/avatar_6_mitja-300x300.png 300w, https://metzineres.org/wp-content/uploads/2026/03/avatar_6_mitja-150x150.png 150w, https://metzineres.org/wp-content/uploads/2026/03/avatar_6_mitja-100x100.png 100w" sizes="auto, (max-width: 500px) 100vw, 500px" />															</div>
				</div>
				<div class="elementor-element elementor-element-5b228f0 elementor-widget elementor-widget-text-editor" data-id="5b228f0" data-element_type="widget" data-widget_type="text-editor.default">
				<div class="elementor-widget-container">
							<p>Dimecres i divendres de 17h a 20 h.<br />Dissabte de 12h a 15 h. </p><p>Carrer de la Lluna, 20<br />Raval &#8211; Barcelona. </p><p>larravalera@metzineres.org<br />Instagram @larravalera</p>						</div>
				</div>
					</div>
		</div>
							</div>
		</section>
				<section class="elementor-section elementor-inner-section elementor-element elementor-element-66f66b6 elementor-section-full_width elementor-section-height-default elementor-section-height-default" data-id="66f66b6" data-element_type="section" data-settings="{&quot;background_background&quot;:&quot;classic&quot;}">
						<div class="elementor-container elementor-column-gap-default">
					<div class="aux-parallax-section elementor-column elementor-col-100 elementor-inner-column elementor-element elementor-element-2d6f9be" data-id="2d6f9be" data-element_type="column">
			<div class="elementor-widget-wrap elementor-element-populated">
								<div class="elementor-element elementor-element-0ae45bd elementor-widget elementor-widget-heading" data-id="0ae45bd" data-element_type="widget" data-widget_type="heading.default">
				<div class="elementor-widget-container">
			<h1 class="elementor-heading-title elementor-size-default">VOLS PARTICIPAR?</h1>		</div>
				</div>
				<div class="elementor-element elementor-element-0e810d2 elementor-widget elementor-widget-text-editor" data-id="0e810d2" data-element_type="widget" data-widget_type="text-editor.default">
				<div class="elementor-widget-container">
							<p>Estem buscant aliadxs que vulguin proposar activitats: <br />exposicions, xerrades, festivals, cursos, tallers, showcases, performance, trobades<br />i altres formats que convidin a fer comunitat i fer barri.<br />Omple el següent formulari i ens posarem en contacte amb tu 🙂</p><p><a style="color: inherit;" href="https://forms.gle/zkYzzsu3q9JrCFtMA" target="_blank" rel="noopener noreferrer nofollow">PARTICIPA!</a></p>						</div>
				</div>
					</div>
		</div>
							</div>
		</section>
					</div>
		</div>
							</div>
		</section>
							</div>

<p>Qui som? L’Arravalera és un espai per conspirar, crear i construir comunitat juntes.Teixim xarxes a partir de l’art, la cultura i la divulgació. Des del pensament crític i artístic, i també des de la tecnologia i el món digital, ens organitzem i construïm aliances de solidaritat, tot generant diàleg entre les comunitats locals i les [&hellip;]</p>
